False
Is 99564 a multiple of 51?
False
Does 18 divide 520452?
True
Is 5 a factor of 294980?
True
Is 411602 a multiple of 45?
False
Is 3 a factor of 36694?
False
Is 13478394 a multiple of 845?
False
Does 9 divide 378115?
False
Is 24972 a multiple of 12?
True
Is 573396 a multiple of 33?
False
Is 7 a factor of 78153?
False
Does 151 divide 471577?
False
Is 27240723 a multiple of 84?
False
Is 21807 a multiple of 3?
True
Is 2403 a multiple of 4?
False
Does 12 divide 1177145?
False
Is 795 a factor of 643950?
True
Does 13 divide 13520455?
True
Is 1201 a factor of 4713925?
True
Does 9 divide 73828?
False
Does 10 divide 690558?
False
Does 6 divide 288437?
False
Is 259 a factor of 1827764?
False
Does 41 divide 1983252?
True
Is 44543 a multiple of 39?
False
Does 201 divide 1882365?
True
Is 8 a factor of 625238?
False
Does 193 divide 87815?
True
Does 2 divide 12248?
True
Is 201 a factor of 23416098?
True
Is 5 a factor of 3760?
True
Is 12 a factor of 28401?
False
Is 11008758 a multiple of 1258?
True
Is 105876 a multiple of 178?
False
Does 93 divide 6051045?
True
Is 85 a factor of 4769?
False
Is 358 a factor of 10701336?
True
Does 97 divide 1738046?
True
Is 2408535 a multiple of 313?
True
Is 64 a factor of 5971613?
False
Does 549 divide 2010079?
False
Is 11 a factor of 447365?
False
Does 251 divide 16799?
False
Does 29 divide 941942?
False
Is 221190 a multiple of 365?
True
Does 73 divide 1191944?
True
Is 4299 a multiple of 5?
False
Does 61 divide 1646085?
True
Is 410069 a multiple of 42?
False
Does 2073 divide 16626983?
False
Is 2550592 a multiple of 6?
False
Is 494 a factor of 1652739?
False
Is 30320 a multiple of 10?
True
Is 577 a factor of 322119?
False
Is 49 a factor of 10859919?
True
Does 15 divide 21360?
True
Does 248 divide 5213946?
False
Does 78 divide 129577?
False
Is 3913717 a multiple of 16?
False
Does 106 divide 760783?
False
Is 167040 a multiple of 9?
True
Does 91 divide 108375?
False
Does 207 divide 3324594?
False
Is 12870869 a multiple of 24?
False
Is 11288952 a multiple of 408?
True
Is 8 a factor of 92109?
False
Is 266610 a multiple of 201?
False
Is 70798 a multiple of 91?
True
Is 10791911 a multiple of 11?
False
Is 58528 a multiple of 43?
False
Is 31106 a multiple of 281?
False
Is 9 a factor of 78411?
False
Is 1334837 a multiple of 11?
False
Does 118 divide 50207?
False
Does 8 divide 9138536?
True
Is 11 a factor of 1419539?
True
Does 12 divide 35874?
False
Is 609905 a multiple of 51?
False
Is 659868 a multiple of 132?
True
Does 111 divide 3072036?
True
Is 511253 a multiple of 28?
False
Is 7 a factor of 304222?
False
Does 9 divide 175354?
False
Is 283 a factor of 1629797?
True
Is 19464 a multiple of 86?
False
Is 227930 a multiple of 46?
True
Does 19 divide 203873?
False
Is 103454 a multiple of 31?
False
Is 337 a factor of 126375?
True
Is 5893096 a multiple of 11?
True
Is 154 a factor of 98714?
True
Does 37 divide 37863?
False
Does 37 divide 4109886?
True
Is 812552 a multiple of 37?
False
Is 1174990 a multiple of 41?
False
Is 8 a factor of 1089088?
True
Is 11 a factor of 1196657?
True
Is 1511400 a multiple of 916?
True
Does 454 divide 5168790?
True
Does 99 divide 11888052?
False
Is 406 a factor of 3348?
False
Is 48090 a multiple of 37?
False
Is 615621 a multiple of 268?
False
Is 34 a factor of 513577?
False
Is 570660 a multiple of 5?
True
Is 25 a factor of 735450?
True
Is 1569872 a multiple of 59?
True
Does 70 divide 9743198?
False
Is 10 a factor of 19600?
True
Does 36 divide 275392?
False
Does 113 divide 626359?
True
Does 33 divide 980641?
False
Does 347 divide 740151?
True
Is 149 a factor of 28629307?
True
Is 8 a factor of 8148476?
False
Is 322904 a multiple of 46?
False
Is 838070 a multiple of 345?
False
Does 17 divide 13643792?
True
Is 6183966 a multiple of 4?
False
Is 278 a factor of 5241134?
True
Is 19 a factor of 2482578?
True
Is 294 a factor of 1007858?
False
Is 191 a factor of 184315?
True
Is 10 a factor of 1582540?
True
Does 462 divide 160776?
True
Is 1206889 a multiple of 13?
False
Is 1529080 a multiple of 28?
True
Is 26 a factor of 1294046?
True
Is 15 a factor of 277465?
False
Does 14 divide 357599?
False
Is 1110175 a multiple of 55?
True
Is 938 a factor of 3877992?
False
Does 214 divide 490344?
False
Is 336 a factor of 3878112?
True
Is 17 a factor of 7475906?
False
Does 9 divide 15556250?
False
Is 9 a factor of 3203820?
True
Is 158 a factor of 62884?
True
Is 187812 a multiple of 385?
False
Does 16 divide 697475?
False
Is 5172858 a multiple of 18?
True
Is 51863 a multiple of 239?
True
Does 18 divide 8134?
False
Is 11 a factor of 13624855?
False
Does 42 divide 80514?
True
Does 12 divide 120909?
False
Does 290 divide 227360?
True
Is 33 a factor of 617133?
True
Is 903998 a multiple of 163?
True
Does 166 divide 61420?
True
Is 1067 a factor of 9534488?
False
Does 134 divide 4871570?
True
Does 38 divide 590406?
True
Is 620142 a multiple of 6?
True
Does 65 divide 187005?
True
Does 1106 divide 2509235?
False
Is 74584 a multiple of 74?
False
Is 31 a factor of 790721?
False
Is 2094730 a multiple of 685?
True
Is 8 a factor of 346403?
False
Does 308 divide 788866?
False
Does 4 divide 78507?
False
Is 11716536 a multiple of 611?
True
Is 164 a factor of 289132?
True
Is 4206336 a multiple of 11?
False
Does 3 divide 472341?
True
Does 18 divide 4272665?
False
Does 23 divide 2098490?
False
Does 267 divide 367125?
True
Does 13 divide 6332315?
False
Does 42 divide 31080?
True
Does 94 divide 14714666?
True
Is 85 a factor of 6952?
False
Does 14 divide 685904?
False
Is 107 a factor of 5535752?
True
Is 111615 a multiple of 38?
False
Is 8 a factor of 357961?
False
Does 20 divide 176360?
True
Is 16198 a multiple of 7?
True
Is 7352050 a multiple of 109?
True
Does 747 divide 1162703?
False
Is 205 a factor of 398315?
True
Is 7 a factor of 809417?
True
Is 142 a factor of 3223069?
False
Is 8256960 a multiple of 376?
True
Is 2362598 a multiple of 74?
True
Is 16997 a multiple of 2?
False
Does 11 divide 5654?
True
Does 88 divide 512864?
True
Is 5401749 a multiple of 40?
False
Is 726480 a multiple of 18?
True
Is 196 a factor of 19697?
False
Does 151 divide 652320?
True
Is 604 a factor of 2600824?
True
Is 1255600 a multiple of 73?
True
Does 21 divide 36396?
False
Does 80 divide 6674640?
True
Is 10 a factor of 1037032?
False
Is 136 a factor of 717400?
True
Does 72 divide 362676?
False
Is 221459 a multiple of 33?
False
Is 653 a factor of 697404?
True
Does 136 divide 442000?
True
Is 354977 a multiple of 133?
True
Does 467 divide 981634?
True
Is 11 a factor of 6107202?
False
Is 1208 a multiple of 8?
True
Is 95 a factor of 45944?
False
Is 230939 a multiple of 19?
False
Is 56 a factor of 324464?
True
Is 70176 a multiple of 16?
True
Does 11 divide 512171?
True
Does 5 divide 991035?
True
Is 135468 a multiple of 12?
True
Does 929 divide 1377556?
False
Is 394871 a multiple of 144?
False
Is 103188 a multiple of 9?
False
Does 102 divide 3278892?
True
Is 11 a factor of 2865918?
True
Does 8 divide 13062520?
True
Is 4355 a multiple of 9?
False
Is 110 a factor of 879399?
False
Is 7662452 a multiple of 162?
False
Does 20 divide 818561?
False
Does 25 divide 452625?
True
Does 200 divide 7984400?
True
Does 143 divide 607663?
False
Is 393013 a multiple of 19?
False
Does 523 divide 171537?
False
Is 48 a factor of 450725?
False
Is 8 a factor of 1182715?
False
Is 172 a factor of 2753011?
False
Is 351 a multiple of 3?
True
Does 75 divide 2128483?
False
Is 13560274 a multiple of 383?
False
Does 8 divide 8418377?
False
Is 130076 a multiple of 31?
True
Is 353481 a multiple of 239?
True
Is 37 a factor of 38956?
False
Does 117 divide 8067735?
True
Does 4 divide 369286?
False
Does 35 divide 211365?
True
Does 10 divide 909875?
False
Does 5 divide 8207?
False
Is 603465 a multiple of 15?
True
Is 907236 a multiple of 132?
True
Does 5 divide 58141?
False
Is 51 a factor of 1918171?
False
Is 226026 a multiple of 87?
True
Does 2 divide 5420?
True
Is 357 a factor of 350113?
False
Does 45 divide 1130631?
False
Is 28 a factor of 738360?
True
Is 91029 a multiple of 19?
True
Is 10818066 a multiple of 1691?
False
Is 182593 a multiple of 18?
False
Is 9 a factor of 164880?
True
Is 3753628 a multiple of 96?
False
Does 61 divide 837851?
False
Does 19 divide 232465?
True
Is 2294763 a multiple of 127?
True
Is 386